t are the prime factors of 5420?
2, 5, 271
What are the prime factors of 32041?
179
List the prime factors of 1626.
2, 3, 271
List the prime factors of 2186.
2, 1093
List the prime factors of 5034.
2, 3, 839
What are the prime factors of 224?
2, 7
What are the prime factors of 15343?
67, 229
What are the prime factors of 5843?
5843
What are the prime factors of 8844?
2, 3, 11, 67
List the prime factors of 26995.
5, 5399
What are the prime factors of 979?
11, 89
What are the prime factors of 73996?
2, 13, 1423
List the prime factors of 2606.
2, 1303
List the prime factors of 25731.
3, 953
What are the prime factors of 2701?
37, 73
List the prime factors of 144.
2, 3
What are the prime factors of 32134?
2, 16067
What are the prime factors of 13393?
59, 227
List the prime factors of 32181.
3, 17, 631
List the prime factors of 3710.
2, 5, 7, 53
List the prime factors of 16929.
3, 11, 19
What are the prime factors of 148425?
3, 5, 1979
What are the prime factors of 7712?
2, 241
List the prime factors of 1044.
2, 3, 29
List the prime factors of 533.
13, 41
List the prime factors of 21718.
2, 10859
List the prime factors of 46788.
2, 3, 7, 557
What are the prime factors of 28791?
3, 7, 457
List the prime factors of 10157.
7, 1451
List the prime factors of 106144.
2, 31, 107
List the prime factors of 331.
331
List the prime factors of 228.
2, 3, 19
List the prime factors of 882.
2, 3, 7
What are the prime factors of 596?
2, 149
What are the prime factors of 550?
2, 5, 11
List the prime factors of 32353.
32353
What are the prime factors of 935?
5, 11, 17
List the prime factors of 97740.
2, 3, 5, 181
List the prime factors of 3449.
3449
What are the prime factors of 34157?
34157
List the prime factors of 15213.
3, 11, 461
List the prime factors of 19077.
3, 6359
What are the prime factors of 12955?
5, 2591
List the prime factors of 2288.
2, 11, 13
List the prime factors of 77479.
77479
List the prime factors of 870.
2, 3, 5, 29
What are the prime factors of 13338?
2, 3, 13, 19
List the prime factors of 1173.
3, 17, 23
List the prime factors of 7091.
7, 1013
What are the prime factors of 18055?
5, 23, 157
What are the prime factors of 2333?
2333
What are the prime factors of 475?
5, 19
What are the prime factors of 7781?
31, 251
What are the prime factors of 1156?
2, 17
List the prime factors of 873.
3, 97
List the prime factors of 383.
383
List the prime factors of 38.
2, 19
What are the prime factors of 10599?
3, 3533
What are the prime factors of 48610?
2, 5, 4861
List the prime factors of 7261.
53, 137
What are the prime factors of 3912?
2, 3, 163
List the prime factors of 5149.
19, 271
What are the prime factors of 535?
5, 107
List the prime factors of 2614.
2, 1307
List the prime factors of 5952.
2, 3, 31
List the prime factors of 3933.
3, 19, 23
What are the prime factors of 97?
97
List the prime factors of 1205.
5, 241
What are the prime factors of 6999?
3, 2333
List the prime factors of 111899.
149, 751
List the prime factors of 5163.
3, 1721
List the prime factors of 18415.
5, 29, 127
List the prime factors of 67152.
2, 3, 1399
What are the prime factors of 6416?
2, 401
List the prime factors of 45560.
2, 5, 17, 67
List the prime factors of 5874.
2, 3, 11, 89
What are the prime factors of 8187?
3, 2729
What are the prime factors of 48385?
5, 9677
List the prime factors of 4295.
5, 859
What are the prime factors of 89855?
5, 17971
What are the prime factors of 32087?
11, 2917
What are the prime factors of 84931?
7, 11, 1103
What are the prime factors of 33543?
3, 3727
List the prime factors of 59932.
2, 14983
List the prime factors of 576.
2, 3
List the prime factors of 23921.
19, 1259
What are the prime factors of 32904?
2, 3, 457
What are the prime factors of 29682?
2, 3, 17, 97
List the prime factors of 2036.
2, 509
List the prime factors of 1494.
2, 3, 83
List the prime factors of 77357.
7, 43, 257
List the prime factors of 17162.
2, 8581
What are the prime factors of 743?
743
What are the prime factors of 5299?
7, 757
List the prime factors of 852.
2, 3, 71
List the prime factors of 750.
2, 3, 5
List the prime factors of 36261.
3, 17, 79
List the prime factors of 5106.
2, 3, 23, 37
What are the prime factors of 1678?
2, 839
What are the prime factors of 201?
3, 67
What are the prime factors of 1839?
3, 613
What are the prime factors of 1230?
2, 3, 5, 41
What are the prime factors of 10897?
17, 641
What are the prime factors of 391?
17, 23
List the prime factors of 2093.
7, 13, 23
What are the prime factors of 1679?
23, 73
What are the prime factors of 1710?
2, 3, 5, 19
What are the prime factors of 10644?
2, 3, 887
What are the prime factors of 2436?
2, 3, 7, 29
What are the prime factors of 78446?
2, 61, 643
List the prime factors of 47786.
2, 23893
List the prime factors of 815.
5, 163
List the prime factors of 8295.
3, 5, 7, 79
List the prime factors of 70045.
5, 14009
List the prime factors of 7051.
11, 641
List the prime factors of 923.
13, 71
List the prime factors of 692.
2, 173
List the prime factors of 29936.
2, 1871
What are the prime factors of 7395?
3, 5, 17, 29
List the prime factors of 6055.
5, 7, 173
List the prime factors of 730.
2, 5, 73
List the prime factors of 462.
2, 3, 7, 11
What are the prime factors of 5889?
3, 13, 151
What are the prime factors of 7806?
2, 3, 1301
List the prime factors of 2348.
2, 587
What are the prime factors of 1669?
1669
What are the prime factors of 14013?
3, 173
List the prime factors of 8793.
3, 977
What are the prime factors of 197706?
2, 3, 83, 397
List the prime factors of 8835.
3, 5, 19, 31
List the prime factors of 14332.
2, 3583
List the prime factors of 10914.
2, 3, 17, 107
List the prime factors of 3008.
2, 47
List the prime factors of 2442.
2, 3, 11, 37
List the prime factors of 16610.
2, 5, 11, 151
List the prime factors of 608.
2, 19
What are the prime factors of 1057?
7, 151
What are the prime factors of 14815?
5, 2963
What are the prime factors of 2822?
2, 17, 83
What are the prime factors of 2618?
2, 7, 11, 17
What are the prime factors of 1754?
2, 877
What are the prime factors of 18916?
2, 4729
List the prime factors of 225.
3, 5
List the prime factors of 3296.
2, 103
List the prime factors of 700.
2, 5, 7
What are the prime factors of 975?
3, 5, 13
List the prime factors of 11386.
2, 5693
List the prime factors of 8100.
2, 3, 5
What are the prime factors of 33304?
2, 23, 181
What are the prime factors of 3013?
23, 131
List the prime factors of 33194.
2, 7, 2371
What are the prime factors of 39436?
2, 9859
List the prime factors of 7525.
5, 7, 43
List the prime factors of 129215.
5, 43, 601
What are the prime factors of 9763?
13, 751
What are the prime factors of 9787?
9787
What are the prime factors of 712?
2, 89
List the prime factors of 1775.
5, 71
What are the prime factors of 241?
241
List the prime factors of 891.
3, 11
What are the prime factors of 2625?
3, 5, 7
List the prime factors of 2470.
2, 5, 13, 19
What are the prime factors of 3728?
2, 233
List the prime factors of 18733.
11, 13, 131
List the prime factors of 10547.
53, 199
List the prime factors of 5809.
37, 157
What are the prime factors of 7495?
5, 1499
What are the prime factors of 68444?
2, 71, 241
List the prime factors of 3681.
3, 409
What are the prime factors of 35223?
3, 59, 199
List the prime factors of 340.
2, 5, 17
List the prime factors of 2060.
2, 5, 103
List the prime factors of 20158.
2, 10079
What are the prime factors of 4789?
4789
List the prime factors of 660.
2, 3, 5, 11
What are the prime factors of 62270?
2, 5, 13, 479
List the prime factors of 43244.
2, 19, 569
What are the prime factors of 5858?
2, 29, 101
List the prime factors of 599.
599
List the prime factors of 3911.
3911
List the prime factors of 55384.
2, 7, 23, 43
What are the prime factors of 7275?
3, 5, 97
List the prime factors of 18619.
43, 433
What are the prime factors of 51724?
2, 67, 193
What are the prime factors of 4545?
3, 5, 101
List the prime factors of 48609.
3, 11, 491
List the prime factors of 20584.
2, 31, 83
What are the prime factors of 55565?
5, 11113
List the prime factors of 5601.
3, 1867
What are the prime factors of 2264?
2, 283
What are the prime factors of 1858?
2, 929
List the prime factors of 4